4*a - 11. Calculate p(7).
-186
Let q(x) = 2*x**3 - 123*x**2 + 515*x - 114. Calculate q(57).
0
Let z(b) = -100*b + 285. Determine z(4).
-115
Let n(r) = -218*r - 662. What is n(-3)?
-8
Let x(l) = 32*l + 309. Give x(-8).
53
Let x(z) = 2*z**3 + 187*z**2 + 92*z - 105. Calculate x(-93).
-12
Let p(j) = -j**2 - 124*j + 1064. Determine p(8).
8
Let s(v) = -2*v**3 - 9*v**2 - 7*v + 11. Determine s(-7).
305
Let m(l) = 37*l**2 - 17*l - 114. What is m(-5)?
896
Let u(q) = 52*q + 281. Give u(-17).
-603
Let k(n) = -n**3 - 29*n**2 - 121*n - 2. Give k(-5).
3
Let m(r) = r**3 - 115*r**2 + 445*r - 75. Give m(111).
36
Let k(b) = b**3 + 12*b**2 - 60*b - 371. Determine k(-13).
240
Let p(z) = -5*z - 116. Determine p(-5).
-91
Let k(r) = -18*r + 258. Determine k(15).
-12
Let t(o) = -12*o**2 - 521*o + 71. What is t(-44)?
-237
Let x(l) = l**2 - 2*l - 268. Calculate x(-16).
20
Let t(x) = -x**3 + 6*x**2 - 2*x - 93. Determine t(0).
-93
Let m(s) = -13*s**2 + 33*s + 6. Give m(3).
-12
Let v(q) = 3*q**2 + 106*q + 429. What is v(-22)?
-451
Let u(f) = -2*f**3 - 18*f**2 - 2*f - 30. Calculate u(-10).
190
Let b(n) = 55*n**2 - 155*n + 2. Give b(2).
-88
Let p(w) = w**2 + 56*w - 734. Calculate p(11).
3
Let u(f) = -f**3 - 26*f**2 + 54*f + 43. Determine u(-28).
99
Let p(z) = -z**3 - 37*z**2 + 2*z - 13. Calculate p(-37).
-87
Let i(z) = 10*z - 37. Determine i(4).
3
Let n(x) = -x**2 - 128*x + 945. What is n(7)?
0
Let w(f) = -399*f + 44291. What is w(111)?
2
Let n(p) = p**2 + 5323*p - 10646. Determine n(2).
4
Let v(h) = -h**3 + 2*h**2 + 36*h + 17. Calculate v(-5).
12
Let r(a) = 16*a + 24. Calculate r(2).
56
Let c(x) = 7*x**3 - 28*x**2 - 21*x + 4. What is c(-1)?
-10
Let b(t) = -9*t - 357. Determine b(-39).
-6
Let y(l) = l**3 + 4*l**2 - 124*l - 16. Determine y(-12).
320
Let g(i) = -22*i**2 - 13*i + 5. Give g(1).
-30
Let h(l) = 4*l**3 - 12*l**2 + 10*l + 8. Give h(5).
258
Let p(l) = -2*l**2 + 43*l - 215. Give p(9).
10
Let w(d) = 246*d**2 + 1414*d + 15. Determine w(-6).
387
Let h(w) = -w**2 - 261*w + 5015. What is h(18)?
-7
Let h(x) = 5*x**3 + 26*x**2 - 8*x - 3. Calculate h(4).
701
Let w(k) = -k**2 + 345*k - 12469. Calculate w(304).
-5
Let v(b) = 227*b**2 - 5*b + 14. Give v(2).
912
Let u(m) = -2*m**2 + 10*m + 46. Give u(-10).
-254
Let d(n) = -n**3 - 190*n**2 + 5*n - 6. Determine d(0).
-6
Let i(x) = 280*x - 2004. What is i(7)?
-44
Let h(n) = n**3 + 6*n**2 - n + 79. Give h(-7).
37
Let h(n) = 4*n**2 - 14*n + 13. Give h(8).
157
Let i(f) = -4*f**3 - 24*f**2 - 8*f - 7. What is i(-6)?
41
Let r(i) = 3*i**2 - 94*i - 218. Calculate r(32).
-154
Let r(i) = -61*i + 4632. Give r(76).
-4
Let r(q) = q**2 + 6*q - 123. Determine r(8).
-11
Let g(j) = 2*j**2 - 280*j - 10569. Give g(-31).
33
Let f(a) = -a**3 - 23*a**2 + 20*a + 71. Calculate f(-24).
167
Let n(o) = 196*o - 17077. What is n(87)?
-25
Let l(y) = -y**2 - 52*y + 184. Calculate l(-62).
-436
Let y(l) = 1047*l - 5233. Give y(5).
2
Let y(i) = -20*i**2 - 547*i - 210. Give y(-27).
-21
Let h(a) = -a**3 + 8*a**2 - 130*a + 1088. Give h(9).
-163
Let t(h) = 12*h**2 + 163*h + 9. What is t(-14)?
79
Let n(v) = -2*v**3 + 33*v**2 - 11*v - 23. Calculate n(16).
57
Let k(l) = -1553*l + 37294. Determine k(24).
22
Let x(q) = -2*q**2 + 234*q - 202. Give x(116).
30
Let f(b) = -10*b**2 + 1371*b - 157. What is f(137)?
-20
Let c(j) = 2*j**2 - 6*j + 217. Determine c(9).
325
Let i(g) = 4*g**3 - 25*g**2 + 43*g - 31. Calculate i(4).
-3
Let m(o) = -6*o**2 - 140*o + 312. Calculate m(-28).
-472
Let x(n) = 36*n - 470. Determine x(15).
70
Let u(l) = -l**3 + 13*l**2 - 25*l + 56. Determine u(11).
23
Let r(b) = -b**3 - 62*b**2 - 839*b + 23. Give r(-42).
-19
Let h(q) = 8*q**3 + 5*q**2 + 2*q + 17. Calculate h(5).
1152
Let d(v) = v**2 - 6*v + 31. Give d(5).
26
Let r(j) = -j**2 - 10*j. Calculate r(-9).
9
Let y(h) = 588*h - 18234. Give y(31).
-6
Let u(y) = -792*y + 11840. Give u(15).
-40
Let l(x) = -2*x**3 + 110*x**2 + 2*x - 120. What is l(55)?
-10
Let d(b) = -7408*b - 118545. Determine d(-16).
-17
Let d(s) = -367*s + 5530. What is d(15)?
25
Let j(r) = 24*r + 15. Give j(5).
135
Let w(l) = -3*l**3 - 243*l**2 + 6*l + 489. What is w(-81)?
3
Let v(i) = -i**3 - 8*i**2 + 201*i + 1818. Give v(-10).
8
Let c(d) = -4*d**2 - 2*d + 137. Calculate c(0).
137
Let d(g) = 1636*g + 9798. Calculate d(-6).
-18
Let b(s) = s**3 - 93*s**2 + 605*s - 244. What is b(86)?
14
Let y(t) = -6*t**3 + 433*t**2 - 496*t - 66. Calculate y(71).
5
Let q(t) = t**3 + 21*t**2 + 22*t + 19. Give q(-20).
-21
Let x(r) = -94*r + 390. Give x(4).
14
Let m(r) = r**3 + 10*r**2 - 94*r - 938. What is m(-10)?
2
Let l(v) = 39253*v + 117755. Give l(-3).
-4
Let m(r) = 1116*r - 13407. Give m(12).
-15
Let l(d) = 5*d**3 + 2*d**2 - 3*d. What is l(-2)?
-26
Let g(h) = -h**2 - 27*h - 106. Determine g(-5).
4
Let g(a) = a**3 - 9*a**2 + 15*a - 1. Determine g(7).
6
Let q(d) = d**3 - 121*d**2 - 244*d - 256. Give q(123).
-10
Let d(m) = -81*m - 5437. Calculate d(-68).
71
Let y(n) = -37*n + 304. Determine y(9).
-29
Let s(o) = 162*o + 3523. What is s(-22)?
-41
Let v(p) = -p**3 + 27*p**2 - 22*p - 100. Calculate v(26).
4
Let l(n) = -98*n**2 - 102*n + 3. Give l(-1).
7
Let p(o) = -2*o**2 + 15*o + 18. What is p(14)?
-164
Let u(p) = -94*p - 14110. Calculate u(-150).
-10
Let f(q) = 8*q**2 - 607*q + 3302. Determine f(70).
12
Let o(i) = 6*i**2 + 317*i - 1607. Calculate o(5).
128
Let d(w) = 34*w**2 + 5*w - 4. Give d(1).
35
Let f(u) = 232*u - 950. Calculate f(3).
-254
Let h(j) = 191*j - 5229. Determine h(28).
119
Let d(u) = -36*u + 437. What is d(11)?
41
Let g(i) = -20*i + 191. Calculate g(7).
51
Let z(n) = 2*n**3 - 110*n**2 + 2*n - 101. Calculate z(55).
9
Let l(a) = a**3 + 31*a**2 + 255*a + 328. Determine l(-12).
4
Let p(y) = y**3 + 29*y**2 - 24*y + 40. What is p(-30)?
-140
Let t(n) = -2865*n + 14327. What is t(5)?
2
Let d(v) = -2*v**2 - 42*v - 113. Determine d(-18).
-5
Let h(c) = 89*c - 1248. Calculate h(14).
-2
Let w(d) = 2*d**3 - 11*d**2 + 10*d + 54. What is w(6)?
150
Let o(d) = -46*d + 60. Calculate o(12).
-492
Let s(n) = -33*n**2 + 14*n - 11. What is s(3)?
-266
Let n(r) = -118*r - 317. Calculate n(-5).
273
Let s(w) = w**2 - 367*w - 2216. Calculate s(-6).
22
Let i(v) = 14*v + 4. Determine i(3).
46
Let b(k) = 522*k - 1485. Give b(3).
81
Let o(r) = 89*r - 3384. Determine o(38).
-2
Let q(v) = 304*v + 1199. Determine q(-4).
-17
Let g(p) = -116*p - 112. Calculate g(-1).
4
Let o(a) = -194*a - 716. Determine o(-3).
-134
Let d(h) = 2*h**3 - 79*h**2 - 35*h - 101. What is d(40)?
99
Let d(m) = 202*m + 1230. What is d(-6)?
18
Let j(w) = -5*w**2 + 15*w + 31. Determine j(7).
-109
Let l(s) = 15*s + 20. What is l(-3)?
-25
Let f(u) = -u**3 - 3*u**2 + 40*u - 11. What is f(6)?
-95
Let b(u) = -u**2 + 40*u - 400. Calculate b(18).
-4
Let w(l) = l**3 + 11*l**2 + 7*l - 96. Calculate w(-9).
3
Let v(u) = 97*u - 1976. What is v(20)?
-36
Let a(c) = c**3 - c**2 - 13*c - 10. Determine a(7).
193
Let u(h) = -90*h - 645. What is u(-7)?
-15
Let f(b) = 3*b**2 - 153*b. Give f(51).
0
Let a(h) = -52*h - 496. What is a(-10)?
24
Let f(d) = -d**3 + 20*d**2 - 33*d - 53. Calculate f(18).
1
Let s(x) = x**3 - 36*x**2 + 323*x + 49. What is s(17)?
49
Let k(h) = h**3 - 4*h**2 - 21*h + 24. What is k(-7)?
-368
Let m(r) = -r**3 + 24*r**2 - 141*r - 21. Give m(12).
15
Let d(h) = -2*h**2 - 455*h + 11520. What is d(23)?
-3
Let l(n) = -n**3 + 70*n**2 - 948*n + 196. Calculate l(18).
-20
Let n(o) = o**3 + 40*o**2 + 109*o - 89. What is n(-37)?
-15
Let h(d) = -d**3 - 66*d**2 - 165*d + 1518. What is h(-63)?
6
Let g(h) = -2*h**2 - 12*h + 5177. What is g(-54)?
-7
Let t(z) = 220*z**2 - 46*z + 46. Calculate t(1).
220
Let b(k) = -80*k - 45. Calculate b(-2).
115
Let z(g) = -g**3 - 2*g**2 + 42*g + 123. What is z(-3)?
6
Let a(h) = 194*h + 22699. Determine a(-117).
1
Let z(b) = -b**3 + 109*b**2 - 218*b + 414. Give z(107).
-14
Let m(r) = 6*r + 113. Determine m(20).
233
Let s(o) = 351*o - 11307. What is s(33)?
276
Let q(a) = -10*a + 174. Determine q(-14).
314
Let c(q) = 8*q**3 - 2*q**2 - 5*q - 8. Give c(-2).
-70
Let i(g) = 2*g**2 + 25*g - 6. Determine i(-3).
-63
Let v(z) = 2*z**2 + 18*z - 508. Give v(12).
-4
Let p(v) = 2*v**3 + 171*v**2 - 261*v + 4. Determine p(-87).
4
Let x(o) = -o**3 - 4*o**2 + 61*o - 13. Calculate x(6).
-7
Let u(t) = 29*t**2 + 91*t + 1. What is u(-4)?
101
Let d(y) = -y**2 - 2438*y - 2441. Determine d(-1).
-4
Let x(b) = 2055*